, 11, 2849593
List the prime factors of 73240180.
2, 5, 13, 43, 6551
List the prime factors of 799691949.
3, 7, 127, 787
What are the prime factors of 24381483?
3, 7, 37, 31379
List the prime factors of 1987160989.
11, 523, 345413
What are the prime factors of 459079770?
2, 3, 5, 23, 283, 2351
What are the prime factors of 1792880097?
3, 61, 9797159
List the prime factors of 3386859264.
2, 3, 157, 3121
What are the prime factors of 61145753?
17, 23, 9199
List the prime factors of 390619898.
2, 19, 10279471
List the prime factors of 131142799.
673, 194863
List the prime factors of 4036590211.
17, 83, 2860801
List the prime factors of 247747202.
2, 223, 555487
What are the prime factors of 418863?
3, 17, 43, 191
List the prime factors of 36122610.
2, 3, 5, 19, 127, 499
List the prime factors of 3464577157.
167, 20745971
List the prime factors of 41776470.
2, 3, 5, 229, 2027
What are the prime factors of 720085247?
7, 67, 1535363
What are the prime factors of 120407992?
2, 15050999
List the prime factors of 1980543559.
421, 4704379
What are the prime factors of 182636770?
2, 5, 18263677
What are the prime factors of 17402329?
7, 23, 108089
What are the prime factors of 930940932?
2, 3, 337, 230203
List the prime factors of 293790373.
47, 179, 743
What are the prime factors of 444547878?
2, 3, 74091313
List the prime factors of 33968612.
2, 8492153
List the prime factors of 23120226.
2, 3, 19, 67, 1009
List the prime factors of 38602435.
5, 7720487
List the prime factors of 109135121.
17, 947, 6779
What are the prime factors of 4393195019?
167, 251, 311, 337
What are the prime factors of 333445355?
5, 66689071
What are the prime factors of 24270211?
7, 89, 163, 239
What are the prime factors of 15517686?
2, 3, 23, 4889
List the prime factors of 766925438.
2, 383462719
What are the prime factors of 5313042981?
3, 20023, 29483
What are the prime factors of 10183361?
1609, 6329
What are the prime factors of 15216466?
2, 7608233
What are the prime factors of 46015081?
7, 6573583
List the prime factors of 454945290.
2, 3, 5, 23, 109, 263
What are the prime factors of 19865130?
2, 3, 5, 409, 1619
What are the prime factors of 61284058?
2, 11, 2785639
List the prime factors of 28890656.
2, 311, 2903
What are the prime factors of 161360107?
17, 79, 137, 877
What are the prime factors of 215149462?
2, 11, 67, 145963
What are the prime factors of 191853985?
5, 4129, 9293
List the prime factors of 131038522.
2, 65519261
What are the prime factors of 295715099?
295715099
What are the prime factors of 428986556?
2, 31, 111599
List the prime factors of 1188447235.
5, 237689447
What are the prime factors of 401225395?
5, 80245079
What are the prime factors of 294413288?
2, 13, 2830897
List the prime factors of 291526256.
2, 7, 37, 103, 683
What are the prime factors of 13460515?
5, 17, 158359
List the prime factors of 42638450.
2, 5, 852769
List the prime factors of 7008508664.
2, 23, 73, 521777
What are the prime factors of 133124355?
3, 5, 7, 13, 19, 29, 59
List the prime factors of 1903247637.
3, 634415879
What are the prime factors of 261098011?
37, 7056703
List the prime factors of 36454586.
2, 7, 23, 113213
What are the prime factors of 83811363?
3, 29, 963349
List the prime factors of 433683381.
3, 144561127
List the prime factors of 351014956.
2, 29, 1009, 2999
List the prime factors of 1950720717.
3, 11, 59, 1001911
What are the prime factors of 1273736549?
1273736549
What are the prime factors of 19525107?
3, 7, 127, 7321
What are the prime factors of 3511997012?
2, 19, 197, 234571
List the prime factors of 1306873265.
5, 577, 452989
List the prime factors of 1330292459.
19381, 68639
List the prime factors of 73973560.
2, 5, 223, 8293
List the prime factors of 20965319.
239, 87721
List the prime factors of 43151009.
11, 3922819
List the prime factors of 52219891.
52219891
List the prime factors of 70626146.
2, 23, 1535351
List the prime factors of 31286320.
2, 5, 13, 67, 449
What are the prime factors of 224165714?
2, 112082857
What are the prime factors of 6787172?
2, 7, 242399
What are the prime factors of 3730946497?
17, 193, 1137137
List the prime factors of 139929377.
7, 19989911
What are the prime factors of 1009521165?
3, 5, 181, 371831
List the prime factors of 35119825.
5, 13, 108061
List the prime factors of 40926631.
1361, 30071
List the prime factors of 5144734087.
5144734087
List the prime factors of 28349187.
3, 149, 63421
List the prime factors of 2114829651.
3, 11, 41, 142097
List the prime factors of 141904853.
59, 971, 2477
What are the prime factors of 296696930?
2, 5, 71, 417883
What are the prime factors of 169306798?
2, 8389, 10091
What are the prime factors of 475669478?
2, 257, 443, 2089
List the prime factors of 440825394.
2, 3, 31, 521, 4549
What are the prime factors of 61376809?
13, 53, 229, 389
What are the prime factors of 28039563?
3, 1709, 1823
List the prime factors of 64961661.
3, 47, 460721
What are the prime factors of 7717985?
5, 11, 12757
List the prime factors of 96267184.
2, 13, 131, 3533
List the prime factors of 4890714862.
2, 11, 73, 263, 11579
What are the prime factors of 206919239?
47, 1993
List the prime factors of 4710456774.
2, 3, 87230681
What are the prime factors of 2678897?
13, 206069
List the prime factors of 983393408.
2, 31, 47, 5273
What are the prime factors of 2540164296?
2, 3, 105840179
What are the prime factors of 1408163139?
3, 156462571
List the prime factors of 2499911639.
2499911639
List the prime factors of 1296668674.
2, 7, 13231313
List the prime factors of 1278551555.
5, 17, 1277, 11779
What are the prime factors of 50373337?
7, 7196191
List the prime factors of 1847916750.
2, 3, 5, 107, 23027
What are the prime factors of 2275939024?
2, 29, 1103, 4447
List the prime factors of 41731286.
2, 20865643
List the prime factors of 129381862.
2, 4723, 13697
What are the prime factors of 127538653?
11, 2339, 4957
List the prime factors of 390568598.
2, 7, 19, 433, 3391
List the prime factors of 93041963.
7, 13291709
What are the prime factors of 1528195243?
1528195243
List the prime factors of 73755654.
2, 3, 7, 101, 17387
List the prime factors of 56460449.
56460449
List the prime factors of 3584957101.
11, 47, 2129, 3257
What are the prime factors of 114399961?
13, 8799997
List the prime factors of 1046466502.
2, 4099, 127649
What are the prime factors of 26150097?
3, 17, 512747
What are the prime factors of 76992431?
23, 61, 54877
What are the prime factors of 25705909?
269, 95561
List the prime factors of 1462927608.
2, 3, 37, 163, 1123
List the prime factors of 788995596.
2, 3, 19, 607, 5701
List the prime factors of 4941482063.
7, 10973, 64333
List the prime factors of 26301758.
2, 7, 1878697
List the prime factors of 21723078.
2, 3, 13, 278501
What are the prime factors of 93946835?
5, 23, 816929
What are the prime factors of 468645089?
11, 19, 43, 52147
List the prime factors of 31780548.
2, 3, 17, 51929
What are the prime factors of 20120858?
2, 10060429
List the prime factors of 24713755.
5, 11, 641, 701
What are the prime factors of 29390275?
5, 47, 25013
List the prime factors of 52444568.
2, 11, 595961
List the prime factors of 217848198.
2, 3, 36308033
List the prime factors of 192605215.
5, 11, 751, 4663
What are the prime factors of 568564788?
2, 3, 11, 4307309
List the prime factors of 223558647.
3, 13, 5732273
List the prime factors of 1115839.
1115839
What are the prime factors of 62573815?
5, 43, 291041
What are the prime factors of 924331698?
2, 3, 43, 107, 11161
What are the prime factors of 653817204?
2, 3, 227, 26669
List the prime factors of 8977142921.
8977142921
What are the prime factors of 9229255?
5, 7, 167, 1579
List the prime factors of 82606843.
11, 7509713
What are the prime factors of 140757957?
3, 83, 188431
List the prime factors of 26998234.
2, 37, 61, 5981
What are the prime factors of 503710500?
2, 3, 5, 335807
What are the prime factors of 2484220372?
2, 67, 9269479
What are the prime factors of 99487134?
2, 3, 109, 50707
List the prime factors of 353139624.
2, 3, 19, 258143
What are the prime factors of 35814142?
2, 7, 13, 15137
List the prime factors of 873055372.
2, 7, 107, 311, 937
What are the prime factors of 42970322?
2, 17, 557, 2269
What